composite?
True
Is 299226946 a prime number?
False
Is 557468689 composite?
True
Is 7528181 a composite number?
True
Is 352099 a prime number?
False
Is 19967983 a prime number?
False
Is 2070239 a composite number?
False
Is 19495639 prime?
True
Is 11154779 a composite number?
True
Is 119624545 a composite number?
True
Is 88117027 a prime number?
True
Is 909357451 composite?
False
Is 36317569 composite?
True
Is 1289921323 prime?
True
Is 12070171 a composite number?
False
Is 258431 a composite number?
True
Is 4450441 a prime number?
True
Is 37819 composite?
True
Is 15657331 a prime number?
True
Is 25028461 a composite number?
True
Is 1342633 a prime number?
True
Is 113034839 prime?
True
Is 61884971 a composite number?
False
Is 27523471 composite?
True
Is 3436757 a composite number?
False
Is 4455811 composite?
True
Is 424801991 prime?
False
Is 74936111 prime?
True
Is 1027346 prime?
False
Is 621803987 a composite number?
True
Is 3432571 a composite number?
False
Is 1999511 composite?
False
Is 273463357 a composite number?
True
Is 42130817 prime?
True
Is 1567893239 composite?
True
Is 27722111 prime?
True
Is 177779959 a composite number?
True
Is 21032021 a composite number?
True
Is 5364427 composite?
True
Is 121290877 a prime number?
True
Is 336055607 a composite number?
False
Is 7393171 a composite number?
False
Is 20209381 a prime number?
True
Is 3327167 composite?
False
Is 3235769 a composite number?
False
Is 237377357 prime?
False
Is 158641463 prime?
False
Is 913103 a composite number?
False
Is 5234321 a prime number?
True
Is 86382707 a composite number?
False
Is 4260241 prime?
False
Is 10558655 a composite number?
True
Is 18051707 a composite number?
False
Is 1476689 prime?
True
Is 19693558 a composite number?
True
Is 355549981 a prime number?
False
Is 692437 prime?
False
Is 24099689 composite?
False
Is 34045463 a prime number?
True
Is 6989987 composite?
False
Is 15280513 a composite number?
True
Is 6772013 a composite number?
False
Is 468055061 a composite number?
False
Is 3787877 a composite number?
False
Is 44361719 a composite number?
False
Is 1922545 a composite number?
True
Is 147140373 a prime number?
False
Is 16783157 composite?
False
Is 299325457 composite?
False
Is 77304362 prime?
False
Is 92109703 prime?
False
Is 261898363 prime?
True
Is 50185151 a prime number?
False
Is 797813 prime?
True
Is 128968687 a prime number?
True
Is 3022951 a composite number?
True
Is 170383663 a prime number?
True
Is 1921043 a prime number?
False
Is 6167153 a composite number?
True
Is 257667 prime?
False
Is 10069621 composite?
False
Is 7462781 a composite number?
True
Is 1486157 composite?
True
Is 28341691 a prime number?
False
Is 96331171 a prime number?
False
Is 93407131 a prime number?
True
Is 22814797 composite?
True
Is 1102063 a composite number?
False
Is 3725849 a prime number?
True
Is 39182177 composite?
False
Is 99925783 a composite number?
False
Is 619698523 prime?
True
Is 30793039 prime?
True
Is 54991997 a prime number?
False
Is 399128803 a composite number?
True
Is 15854743 a prime number?
False
Is 74957567 composite?
False
Is 28799809 prime?
False
Is 45312791 a composite number?
False
Is 1074063547 a prime number?
True
Is 171829667 composite?
False
Is 17623 a composite number?
False
Is 25463941 composite?
False
Is 15435674 a composite number?
True
Is 128477779 prime?
False
Is 136962213 a prime number?
False
Is 152919937 composite?
False
Is 4303589 a prime number?
False
Is 5150559 prime?
False
Is 4521599 a composite number?
False
Is 40634689 a prime number?
True
Is 849873377 composite?
True
Is 29389163 prime?
False
Is 454577 prime?
True
Is 15911705 prime?
False
Is 11181749 a prime number?
False
Is 1111481263 composite?
False
Is 763561 a composite number?
True
Is 42223667 prime?
True
Is 7958729 prime?
False
Is 401873 prime?
False
Is 5439409 prime?
True
Is 19280333 a prime number?
True
Is 770911 a composite number?
True
Is 113028235 a composite number?
True
Is 137580899 prime?
True
Is 781054 a prime number?
False
Is 478063 a prime number?
True
Is 58113119 prime?
True
Is 13210013 composite?
False
Is 515293 a prime number?
True
Is 160422527 a prime number?
True
Is 562839269 a prime number?
True
Is 9006289 a prime number?
True
Is 42839 composite?
False
Is 6177947 composite?
False
Is 356465 prime?
False
Is 825683 a prime number?
False
Is 7607643 composite?
True
Is 17584169 prime?
False
Is 4058543 prime?
True
Is 63955165 composite?
True
Is 88290239 a prime number?
False
Is 30182609 composite?
False
Is 18072587 a composite number?
True
Is 6101363 composite?
True
Is 2758003 prime?
True
Is 109767947 a prime number?
False
Is 350957 composite?
True
Is 35230711 a composite number?
True
Is 8604299 composite?
True
Is 35011727 a prime number?
False
Is 62654009 prime?
False
Is 12888322 composite?
True
Is 4223311 a prime number?
True
Is 29563154 prime?
False
Is 26954 a composite number?
True
Is 369683707 a prime number?
True
Is 99073385 a composite number?
True
Is 186968237 a prime number?
True
Is 16736173 a composite number?
True
Is 5909879 prime?
True
Is 634873 a composite number?
True
Is 4135987 prime?
True
Is 12861133 a prime number?
False
Is 21797119 a composite number?
False
Is 212158633 composite?
False
Is 4761373 prime?
True
Is 553282805 a prime number?
False
Is 306539 a composite number?
True
Is 1982111 a prime number?
True
Is 31521719 composite?
True
Is 1395827 prime?
False
Is 69655777 composite?
False
Is 96974509 composite?
True
Is 8256607 a composite number?
False
Is 1273823 a composite number?
False
Is 18323401 a prime number?
False
Is 385351 prime?
True
Is 442397 a prime number?
True
Is 2002799 a composite number?
False
Is 9627991 a prime number?
False
Is 12298571 a prime number?
True
Is 302205133 prime?
True
Is 44636359 prime?
True
Is 20448913 a composite number?
True
Is 49819937 composite?
False
Is 20768711 a prime number?
True
Is 557203 prime?
False
Is 22214837 composite?
True
Is 93680143 a composite number?
False
Is 1670731 a prime number?
False
Is 257226509 a prime number?
True
Is 2943835 a composite number?
True
Is 426930841 a composite number?
False
Is 95429 a composite number?
False
Is 7061333 prime?
True
Is 737392771 a composite number?
False
Is 35344511 a composite number?
True
Is 232973 composite?
True
Is 5813461 a prime number?
False
Is 5073421 composite?
False
Is 481454 a prime number?
False
Is 1578037 prime?
False
Is 2480911513 a composite number?
False
Is 192766469 composite?
True
Is 1081511 prime?
False
Is 146203 a prime number?
True
Is 7613497 a composite number?
False
Is 15534439 composite?
False
Is 3104551 a composite number?
False
Is 22392283 composite?
False
Is 21437363 a composite number?
True
Is 7627289 prime?
True
Is 6577663 prime?
True
Is 6645629 composite?
True
Is 2345429 a prime number?
False
Is 471581711 a composite number?
True
Is 6957737 a prime number?
True
Is 40669357 composite?
True
Is 40305341 composite?
True
Is 9817333 a composite number?
False
Is 14622833 prime?
True
Is 31663963 a prime number?
True
Is 609199 composite?
False
Is 41877623 a composite number?
False
Is 180983377 a prime number?
False
Is 10106477 composite?
False
Is 24892279 prime?
False
Is 497345 prime?
False
Is 338762443 a composite number?
True
Is 260397463 composite?
True
Is 6028699 composite?
False
Is 4553651 a composite number?
False
Is 5250953 prime?
True
Is 38746753 a composite number?
True
Is 1920931 composite?
True
Is 772523 prime?
False
Is 225949799 composite?
False
Is 75404243 composite?
True
Is 7521113 prime?
True
Is 225748553 a prime number?
False
Is 1061713 a prime number?
False
Is 10600829 a prime number?
False
Is 126502807 a composite number?
True
Is 145198063 composite?
False
Is 9520639 composite?
True
Is 21198341 a prime number?
False
Is 3429083 composite?
True
Is 10540199 prime?
True
Is 32285459 composite?
True
Is 246481883 a composite number?
True
Is 9111 a composite number?
True
Is 400042369 a prime number?
True
Is 100278907 composite?
True
Is 9978977 a prime number?
False
Is 355955 composite?
True
Is 28302439 a prime number?
False
Is 10564721 composite?
True
Is 183830869 prime?
True
Is 9032206 a composite number?
True
Is 18327953 a composite number?
True
Is 4383329 composite?
True
Is 6767291 a composite number?
False
Is 11465